et d = -111261 + 192498. What is the thousands digit of d?
1
What is the thousands digit of (-10711904)/(-272) + (-80)/(-12) + 2/6?
9
Let s = 488 - 786. Let m = 344 + s. What is the tens digit of m?
4
Suppose -2*f = 12, 2*a - 5*f - 5571 = 7239. What is the thousands digit of a?
6
Suppose -1001 = -h - 5*f, -2*h = 27*f - 25*f - 1986. What is the hundreds digit of h?
9
Let q be (35/(14 - 7))/1. Suppose -41 = -q*h + 2*p, -4*h - 1 = -5*h + 4*p. What is the units digit of h?
9
Suppose 4*k = 2*k - 12. Let z = k + 21. Suppose -z*t + 5*t = -1710. What is the hundreds digit of t?
1
Let d(n) = n**2 + 26*n - 274. What is the ten thousands digit of d(-138)?
1
Suppose -758*z + 802*z - 306460 = 0. What is the hundreds digit of z?
9
Suppose 0*q + 4*q + 4 = 2*b, 0 = -5*b - 5*q + 10. Suppose 4 = b*a - 2*s - 2*s, -4*a + 30 = 3*s. Suppose -24*y + a*y + 1566 = 0. What is the tens digit of y?
8
Suppose -224 + 53 = 3*y. Let s = y - -233. Suppose 0 = 11*m - 9*m - s. What is the tens digit of m?
8
Let u(k) = -10*k - 4*k**2 + 0 + 0*k - 18 + 3*k**2. Let r be u(-5). Suppose 11 + r = 6*j. What is the units digit of j?
3
Suppose -3*k - 2 = -32. Suppose k - 6 = -b, 2014 = 3*q + 2*b. What is the tens digit of q?
7
Let i be 9/((-3)/(-1)) + 0 + -27. Let k = i + 39. What is the units digit of (-20)/k + 1 - (-476)/6?
9
Let h = -97 - -97. Suppose -2*w - 3*o + 873 = h, 5*w + o = 673 + 1542. What is the hundreds digit of w?
4
Suppose 2*c + 3*f = 919 + 3622, 2*c - 4539 = -f. Let r = c + -1478. What is the units digit of r?
1
Suppose 186 = t - 2*r, -17*r - 724 = -4*t - 19*r. Suppose -192 = 3*h + h. Let l = h + t. What is the tens digit of l?
3
Let h be (2/(-5))/(8 + (-17220)/2150). What is the tens digit of 134/8 - h/(-172)?
1
Let v(y) = -y. Let j be v(-1). Let c(o) = 11*o + 1. Let k be c(j). Suppose 4*p - k*p + 88 = 0. What is the units digit of p?
1
What is the units digit of -7 - (8 + (4 + 4 - 59))?
6
Let c be 571/(63/(-72) - 3/24). Let p = 1410 + c. What is the hundreds digit of p?
8
Let p(g) = -11*g**3 + 7*g**2 + 11*g + 9. Let n be p(-3). Suppose 299 = 337*c - n*c. What is the tens digit of c?
9
Suppose 2*i + 2*z = -3*z + 44, 4*z = -2*i + 40. Suppose 7*m + i + 2 = 0. Let d(l) = 35*l**2 + 5*l + 5. What is the units digit of d(m)?
5
Suppose 2*p + 5*t = -111, 2*p + t = -0*t - 123. Let n = -63 - p. Suppose -d = -a - 87, n*d - 2*a = 5*d - 414. What is the tens digit of d?
8
Let v = 1371 - -2955. What is the thousands digit of v?
4
Let t(x) = 6*x**3 + 3*x**2 - 19*x + 11. Suppose 3*c - 4*f = 27, -2 = -4*c - 5*f + 3. Let b be t(c). Suppose -b = -5*p - 21. What is the tens digit of p?
4
Let t(v) = -2*v - 51. Let f(n) = n + 51. Let c(r) = 6*f(r) + 5*t(r). Let g be c(12). Suppose 0 = 3*o + 2*o + 25, -p + g*o = -197. What is the tens digit of p?
8
Let r = -98112 + 162430. What is the units digit of r?
8
Let r = 23 + 22297. What is the hundreds digit of r?
3
Let c be 16/(-2*(-3)/(-9)). Let h = c - -31. Suppose 4*j - t - h = 0, t = 4*j - 2*t - 13. What is the units digit of j?
1
Suppose -2*m + 54 = -0*m. Let f(g) = -4 - 44 - m*g + 13. What is the hundreds digit of f(-6)?
1
Suppose 219*j + 116*j + 511790 - 3526790 = 0. What is the hundreds digit of j?
0
Suppose -25400 = 95*j - 4*j + 1536. Let v = 31 + -21. What is the hundreds digit of (-1)/((-12)/j)*(-45)/v?
1
Suppose 27*j + 10*j - 1716455 = -28*j. What is the units digit of j?
7
What is the ten thousands digit of 4/(-9) - (-115272720)/7290?
1
Suppose -48*h + 54*h - 12 = 0. Suppose -4*f + 2*l = -h*l - 772, 747 = 4*f + l. What is the tens digit of f?
8
Let p(g) = 2710*g + 6781. What is the tens digit of p(24)?
2
Let i = -30462 - -73023. What is the tens digit of i?
6
Let a(c) = -19*c. Let q be a(1). Let p = 15 - q. Suppose 256 = 3*t + p. What is the units digit of t?
4
Let c(t) = -t**3 - 4*t**2 + 14*t - 14. Let h(a) = 2*a**3 + 4*a**2 - 15*a + 15. Let n(q) = 6*c(q) + 5*h(q). What is the units digit of n(3)?
0
Suppose 412*q - 397*q - 80895 = 0. What is the units digit of q?
3
Suppose -6*o + 11*o = 4*f - 31209, f + 4*o = 7797. What is the thousands digit of f?
7
Suppose 2*i = 5*j + 11, -18 = -3*j - 3. Let h(v) = 12*v - 112. What is the tens digit of h(i)?
0
What is the tens digit of -342 + 26423 + (-6)/1?
7
Suppose -98177 = 172*t - 476061. What is the tens digit of t?
9
Let v(r) = -r + 8. Let a be v(-6). Let z = -113 + 124. What is the units digit of (-15 + z)/((-1)/a)?
6
Let w(n) = -n**3 - 17*n**2 - 15*n + 37. Let l be w(-17). Let r = 441 - l. What is the hundreds digit of r?
1
Let w be -4*(11/(-4) + 2). Suppose z = 5*n - 10, -1 - 3 = w*z - 2*n. What is the units digit of (1 + z)/((-7)/(-35))?
5
Let l(z) = -z**2 + 3*z + 2. Let a be l(0). Let j(g) = 4*g**2 + 101*g + g**a - 6 - 4*g**2 - 111*g. What is the tens digit of j(-4)?
5
Suppose 21043 = 48*x - 845. What is the units digit of x?
6
Suppose -m - 2*v + 5*v + 109 = 0, 0 = 2*m - 4*v - 214. Let z be (12/(-5))/((-1192)/251810). Suppose -m = 4*b - z. What is the tens digit of b?
0
Suppose 3*r = 3*d + 2391, 141*r + d = 133*r + 6412. What is the hundreds digit of r?
8
Let y(o) = o**3 + 10*o**2 + 16*o + 3. Suppose m = t - 1 - 7, -2*t = 0. Let d be y(m). Suppose d*c - 190 - 8 = 0. What is the units digit of c?
6
Suppose 2*r = -3*x + 4101, r - 3*x - 620 = 1444. Let u = r + -814. What is the thousands digit of u?
1
Let o = -1350 + 2266. Let g = 1788 - o. What is the hundreds digit of g?
8
Let v(q) = -179*q**2 + 1253*q + 4. Let s be v(7). Suppose 0 = 4*o - 8 - 0. Suppose -3*x = -2*w - 15 - 40, 42 = o*x - s*w. What is the units digit of x?
7
Let c = -1212 - -2542. What is the hundreds digit of c?
3
Suppose -3*b - 43 - 47 = 0. Let g = b + 65. Suppose g = 2*o - 279. What is the units digit of o?
7
Let y = -10329 - -51466. What is the tens digit of y?
3
Suppose 28*n + 36463 + 210275 = 151*n. What is the units digit of n?
6
Let i(k) = -k**3 - 22*k + 965. What is the units digit of i(0)?
5
Let i(m) = -m**3 - 2*m**2 + m + 14. Let o = -85 + 77. Let c be i(o). Suppose -5*z + c = -5*p, -4*z + 4*p + 317 = -p. What is the tens digit of z?
7
Suppose 754577 + 412599 = 62*d + 86888. What is the tens digit of d?
2
Let h = 21419 + -3668. What is the hundreds digit of h?
7
Suppose 4*m - 34 = 7*r - 8*r, -m - 2*r + 5 = 0. Let a be (-4 - (-33)/m)*3 - -54. Suppose -115 = -2*s + a. What is the tens digit of s?
8
Let a(f) = 6*f - 64. Let o be a(11). Suppose -y = -2*h + 305, 0 = -o*h - y + 46 + 257. What is the hundreds digit of h?
1
Suppose 2*l - 79981 = -r, -3*r = -19 + 34. What is the tens digit of l?
9
Let v = 5958 - 4972. What is the hundreds digit of v?
9
Let b be (1/2)/(64/1408). Suppose -b*w + 19024 = -457. What is the hundreds digit of w?
7
Let t(d) be the first derivative of 47*d**2 - 106*d - 4. What is the units digit of t(4)?
0
Suppose 16*s - 66 = 15*s. Suppose 2*f = v - 125, -5*f + s = 4*v - 460. Let t = v + -76. What is the units digit of t?
3
Let j be 15/2 + 27/(-54). Suppose -547 - 4241 = -j*h. What is the hundreds digit of h?
6
Suppose l - 344 = -4*v, 3*v + 2041 = 5*l + 252. Let q = 1118 - l. What is the tens digit of q?
6
Suppose -8*j + 42390 = -16362. What is the hundreds digit of j?
3
Suppose -35*g + 111 = 6. Suppose 41 = 2*v + 35, -2*s = -g*v - 997. What is the tens digit of s?
0
Suppose 35 = -1297*l + 1292*l, 2*m + l = 36229. What is the tens digit of m?
1
Let u(q) = 3*q**3 + 156*q**2 - 79*q - 451. What is the hundreds digit of u(-52)?
6
Let c(n) = 235*n - 332. What is the hundreds digit of c(12)?
4
Let h(d) be the first derivative of d**3 + 11*d - 10. Let c be h(-7). Let l = -69 + c. What is the tens digit of l?
8
Let z be 309*(-1)/(-2) - (-18)/12. Suppose 4*q + 34 = 2*a - 56, 4*q - z = -4*a. Suppose -5*h - a = -521. What is the units digit of h?
6
Let k be (140/2)/(38/931). Suppose 1730 = p - 2*y, p = 4*y - 5*y + k. What is the hundreds digit of p?
7
What is the hundreds digit of ((-18)/10)/(24/(-100920))?
5
Suppose -1356*o = -1390*o + 102. What is the units digit of o?
3
Suppose 2*o - 673 = -5*m, o - 62 = -m + 72. Let s = m - 38. Suppose -3*a = 2*c - s, 4*c + a = 49 + 130. What is the units digit of c?
4
Suppose 3*w - 10854 = -s, 478*w = 479*w - s - 3614. What is the tens digit of w?
1
Let y(o) = -o**2 + 20*o - 19. Let a be y(19). Suppose 5*j = -10, -3*i + 4*j = -a*i - 185. Suppose 10*w = i + 1. What 